) + 3*t(k). What is the units digit of w(5)?
2
Suppose 4*a = -0*i - 2*i + 344, 3*a - 272 = 2*i. Let z = a - 60. What is the tens digit of z?
2
Let l(c) = c**2 - 3*c + 1. Suppose 0 = -0*o - 2*o + 14. What is the units digit of l(o)?
9
Let r(d) = d**2 - 5*d + 3. Let u be r(5). Let w(i) = -2*i + i**u + 0*i + 12*i**2 + 13*i + 3. What is the units digit of w(-11)?
3
Suppose 6*g - 1080 = -3*g. What is the hundreds digit of g?
1
Suppose 3*u = 9 + 18. Suppose u = 5*n + 2*h - 61, -34 = -2*n - 2*h. What is the tens digit of n?
1
Let o(i) be the third derivative of -i**4/3 - i**3/6 - i**2. Let w be o(-3). Suppose w = 3*r + 5. What is the units digit of r?
6
Let n(u) = -u - 3*u**2 + 3*u**2 - 1 + u**2. Let w be n(-2). What is the units digit of w - (0 - (1 + -1))?
5
What is the units digit of 9 - (0/4 + 4)?
5
Let a be (-142)/4 - 5/10. What is the units digit of (-15)/2*a/30?
9
Suppose -4*j = -2*j - 14. Suppose -c - 175 = -4*n, 3*n + j*c - 4*c = 120. What is the tens digit of n?
4
Suppose -3*y = 3*b - 15, -1 = -2*y + 3*b - 6. Let a be (2 - y)/(1 + 1). Suppose s + 0*s - 4 = a. What is the units digit of s?
4
What is the hundreds digit of ((-10)/(-15) - (-14)/(-3))*-46?
1
What is the tens digit of (5 - 2)/((-3)/762*-2)?
8
Let h(s) = 3*s**2 + 2*s + 1. Let c(d) = -d**2 + d + 1. Let v be c(-1). Let j be h(v). What is the units digit of (j - 0) + -1*1?
1
Suppose 5*a - 6 - 18 = -z, -5*a = -5*z. Suppose -v = -0*v + a. Let o = 9 + v. What is the units digit of o?
5
Suppose 5*p - 19 = -3*h + p, 2*p - 11 = -3*h. Let o be 4 + -2 + h + -4. What is the units digit of (o/(-1))/(2/10)?
5
Suppose 0 = -3*g + 20 - 62. Let u be g/(-6) + 2/(-6). Suppose -6*i + 32 = -u*i. What is the units digit of i?
8
Let t(s) be the second derivative of s**5/20 + s**4/4 - s**3 - 5*s**2/2 + 2*s. Let l(y) = -5*y**2 + 1. Let m be l(1). What is the units digit of t(m)?
3
Let p(a) = -a**3 - 3*a**2 - 2*a - 12. What is the units digit of p(-5)?
8
Let h(t) = 98*t**3 - t**2. What is the tens digit of h(1)?
9
Suppose -3*a + 2 + 1 = -2*h, 5*h = -3*a + 24. Suppose -2*r - 4*x + 60 = x, h*x = 0. What is the units digit of r?
0
Let q = -6 + 16. Let d = -6 + q. What is the units digit of d?
4
Let q = -9 + 7. Let w = 13 + q. What is the tens digit of w?
1
Let o(m) = -5*m**3 - m**2 - m - 1. Let q = -4 + 3. Let u be o(q). Suppose -11 = -4*y + z + 11, -3*y + 7 = u*z. What is the units digit of y?
5
Let n = 92 + -26. What is the tens digit of n?
6
Let l(f) = -f**2 + 7*f. Let q be l(6). What is the units digit of (q/(-4))/(15/(-80))?
8
Let p = 222 + -30. What is the tens digit of p?
9
Let r(m) = 6*m**3 - 2*m**2 - m. Let h be r(-1). Let y(n) be the second derivative of -n**3/3 - 4*n**2 - 4*n. What is the units digit of y(h)?
6
Let w(u) = u**2 + 2*u. Suppose 2*k - 85 = -5*n - 3*k, 2*k = n - 11. Suppose -n = 4*x + x. What is the units digit of w(x)?
3
Let z(y) = y**3 + 7*y**2 + 6*y + 2. Let c = -16 + 10. Let m be z(c). Suppose -14 = -t + m*p + 2, -2*t + 37 = -5*p. What is the units digit of t?
6
Let k(i) be the second derivative of -i**3/6 + 3*i**2/2 + i. Let u be k(6). What is the units digit of 3*(2 + (-1)/u)?
7
Let u(x) = -37*x**3 - x**2 - x. What is the units digit of u(-1)?
7
Let d(o) = 2*o**3 + o**2 - 2*o. Let v be d(-2). What is the units digit of (-2)/(-4) + (-140)/v?
8
Let c(o) = -o - 6. Let l be c(-8). Suppose -5 = t - 3*r - r, -2*t + l*r = -20. Suppose -50 = -5*v - t. What is the units digit of v?
7
Suppose 4140 = -10*p + 30*p. What is the tens digit of p?
0
Let q be (1 + -1)/((-1)/(-1)). Suppose -2*r + 4*b = -10, q*r = 2*r + 5*b - 1. What is the units digit of r?
3
Let a(r) = r. Let j be a(5). Suppose -5*k = j, -3*d + 19 = -6*k + 2*k. What is the units digit of d?
5
Suppose 2*z - 265 = -5*s + 6*z, 123 = 2*s - 5*z. What is the units digit of s?
9
Suppose -a - 3*p + 163 = -6*p, -3*p - 311 = -2*a. What is the hundreds digit of a?
1
Suppose 0*c = -t + 3*c + 9, 3*t - 1 = -4*c. Suppose 2*v + 3 = t*f - 2, -15 = -2*v - f. What is the units digit of v?
5
Let o be -3*((-2)/(-6))/1. What is the units digit of o + 1/((-1)/(-16))?
5
Let a(t) = -9*t + 46. Let q be a(5). Let b(w) = 0 + 5*w - 5 + 4. What is the units digit of b(q)?
4
Let b be -1 + (-3)/6*4. Let g(f) be the third derivative of -f**4/12 - 2*f**3/3 + f**2. What is the units digit of g(b)?
2
Let f = 70 - 3. What is the tens digit of f?
6
Suppose 0 = -h + 5 + 23. Suppose f - h = -b - 3*b, -4*b + 8 = 0. What is the tens digit of f?
2
Let x be (-345)/27 - 4/18. What is the tens digit of 8/(-8) - 3*x?
3
Let u(o) be the second derivative of -o + 0 - 1/12*o**4 + 0*o**2 - 3/2*o**3. What is the units digit of u(-8)?
8
Let p(g) = g**2 - 4*g + 2. Let l be p(4). Suppose 5*u - 40 = 5*s - 15, -11 = -u - l*s. What is the units digit of u - -11 - (1 + 0)?
7
Let p(v) = v**3 + 7*v**2 + 6*v - 4. Let m be p(-6). Let x = 2 + m. Let j(r) = -2*r**3 - 2*r**2 - 2. What is the units digit of j(x)?
6
Let k = 12 + 22. What is the tens digit of k?
3
Let k = 26 + 20. What is the units digit of k?
6
Suppose -4 = 3*f - 13. What is the units digit of 4*((-3)/f - -2)?
4
Let l = -24 + 64. What is the units digit of l?
0
Suppose 3*s + 5*q + 21 = 7, -4*q = -4*s + 24. Suppose -s*r = 3*r - 115. What is the tens digit of r?
2
Let r be (1 + (-4)/3)*3. Let d = r + 4. Let t = 5 - d. What is the units digit of t?
2
Suppose 4*y + 4*x = 156, 5*y + 4*x - 197 = x. What is the units digit of y?
0
Suppose 5*f = -25, 0*c = -c - 2*f + 55. What is the tens digit of c?
6
Let x be (-8)/(-6)*(-6)/(-4). Let o(p) = 2*p - 14 + 3*p**x - 2*p**2 + 6. What is the units digit of o(-6)?
6
Suppose 98 - 102 = -2*p. Let d = 20 - 36. Let w = p - d. What is the tens digit of w?
1
Suppose 3*x + 2*x - 2*q - 2 = 0, 4*q = 4*x + 8. Suppose -3*g = -5 + x. What is the tens digit of 9 + (-2)/(-2*g)?
1
Suppose -3*l - 2 = -5*l. Let f be 15/(-2) + l/2. Let a(s) = -s**3 - 6*s**2 + 5*s - 6. What is the units digit of a(f)?
8
Let a(n) = 1450*n**3 - n**2 - n + 1. Let v be a(1). What is the tens digit of (-4)/(-22) - v/(-77)?
1
Let k = -11 - -9. Let i = k - -2. Suppose i = x + 3*x - 36. What is the units digit of x?
9
Let r = 113 - 65. What is the units digit of r?
8
Let i(w) be the third derivative of 1/15*w**5 + 0*w + 0*w**4 + 0 - 1/6*w**3 - 3*w**2. What is the units digit of i(1)?
3
Let s = -57 + 118. Let o = 104 - s. What is the units digit of o?
3
Suppose -4*d + 2*j + 305 = d, 3*j + 237 = 4*d. What is the tens digit of d?
6
What is the units digit of 11 + -9 - 73*-1?
5
Let t(o) be the third derivative of o**4/24 - 2*o**2. Let d(h) = h + 1. Let f(r) = -3*d(r) + 2*t(r). What is the units digit of f(-6)?
3
Let z(p) = p**2 + p + 1. Let d be z(-9). Suppose -4*g - 9 = b, -g - d + 24 = -4*b. What is the units digit of b?
1
Suppose -111 = -21*x + 18*x. What is the units digit of x?
7
Suppose 2 = m - 46. What is the tens digit of m?
4
Suppose -4*q - 3*w + 862 - 25 = 0, 5*w - 1040 = -5*q. What is the units digit of q?
3
Let y be 16/10 - (-24)/60. Suppose 118 = 5*b - y. What is the tens digit of b?
2
Let l(o) = -o**2 + 16*o - 19. What is the units digit of l(10)?
1
What is the units digit of (-25)/10*(-256)/20?
2
Suppose 5*r - 2*r = 3, -3*n = 2*r - 2. Suppose 5*v - v - 100 = n. Let p = -16 + v. What is the units digit of p?
9
Let b = 5 - 3. Suppose -b*a - 3*x - 3 - 1 = 0, x = 5*a + 10. Let s = a + 4. What is the units digit of s?
2
Suppose 0*k = -3*k. Suppose -4*r = -k*r - 80. What is the tens digit of r?
2
Suppose 0 = -4*l + 18 + 10. Let z = l + -3. What is the units digit of z?
4
Suppose -31 = c - 83. Let d = -19 + c. What is the tens digit of d?
3
Let w(t) = -t**2 + 5*t - 2. Let x be w(4). Suppose -5*c = -2*u - 2*c + 52, 4*u - 88 = x*c. Suppose -4*k - k = -u. What is the units digit of k?
4
Let d(g) be the second derivative of -g**3/6 - 7*g**2/2 + 2*g. Let z be d(-8). Let w = z - 0. What is the units digit of w?
1
Let g(x) = x**2 - 4*x + 4. What is the tens digit of g(-6)?
6
Suppose -j + y = -74, 3*j - 334 + 124 = -y. What is the units digit of j?
1
Suppose 3*i + 3 = 27. Suppose -4*q + h - 12 = i, 0 = -2*q - 4*h + 8. What is the units digit of q/(-1)*5/4?
5
What is the hundreds digit of (-612)/(-2) + 0/(1 - -3)?
3
Let p(i) = 4 + 6 + 6*i**3 - 5*i**3. Suppose d = -d. What is the units digit of p(d)?
0
Let l(f) = -5*f + 2*f - 2 + 6 + 12. What